{"id":1727,"date":"2023-01-19T18:46:34","date_gmt":"2023-01-19T17:46:34","guid":{"rendered":"https:\/\/mortelleadele.com\/?page_id=1727"},"modified":"2026-03-12T09:19:16","modified_gmt":"2026-03-12T08:19:16","slug":"mes-trois-dernieres-sorties","status":"publish","type":"page","link":"https:\/\/mortelleadele.com\/index.php\/mes-trois-dernieres-sorties\/","title":{"rendered":"Mes derni\u00e8res nouveaut\u00e9s"},"content":{"rendered":"\t\t<div data-elementor-type=\"wp-page\" data-elementor-id=\"1727\" class=\"elementor elementor-1727\" data-elementor-post-type=\"page\">\n\t\t\t\t\t\t<section class=\"elementor-section elementor-top-section elementor-element elementor-element-8ec80aa elementor-section-full_width elementor-section-content-middle elementor-section-height-default elementor-section-height-default\" data-id=\"8ec80aa\" data-element_type=\"section\" data-e-type=\"section\">\n\t\t\t\t\t\t<div class=\"elementor-container elementor-column-gap-default\">\n\t\t\t\t\t<div class=\"elementor-column elementor-col-50 elementor-top-column elementor-element elementor-element-89328b6\" data-id=\"89328b6\" data-element_type=\"column\" data-e-type=\"column\">\n\t\t\t<div class=\"elementor-widget-wrap elementor-element-populated\">\n\t\t\t\t\t\t<div class=\"elementor-element elementor-element-f0b959e elementor-invisible elementor-widget elementor-widget-text-editor\" data-id=\"f0b959e\" data-element_type=\"widget\" data-e-type=\"widget\" data-settings=\"{&quot;_animation&quot;:&quot;fadeInLeft&quot;}\" data-widget_type=\"text-editor.default\">\n\t\t\t\t<div class=\"elementor-widget-container\">\n\t\t\t\t\t\t\t\t\t<p style=\"text-align: right;\">La nouvelle \u00ab\u00a0P&rsquo;tite histoire\u00a0\u00bb &#8211; livre illustr\u00e9<br \/><strong>Ajax &#8211; Coeur chatmallow<\/strong><\/p>\t\t\t\t\t\t\t\t<\/div>\n\t\t\t\t<\/div>\n\t\t\t\t\t<\/div>\n\t\t<\/div>\n\t\t\t\t<div class=\"elementor-column elementor-col-50 elementor-top-column elementor-element elementor-element-7088b01\" data-id=\"7088b01\" data-element_type=\"column\" data-e-type=\"column\">\n\t\t\t<div class=\"elementor-widget-wrap elementor-element-populated\">\n\t\t\t\t\t\t<div class=\"elementor-element elementor-element-bb0a047 elementor-invisible elementor-widget elementor-widget-image\" data-id=\"bb0a047\" data-element_type=\"widget\" data-e-type=\"widget\" data-settings=\"{&quot;_animation&quot;:&quot;fadeInLeft&quot;}\" data-widget_type=\"image.default\">\n\t\t\t\t<div class=\"elementor-widget-container\">\n\t\t\t\t\t\t\t\t\t\t\t\t\t\t\t\t<a href=\"https:\/\/mortelleadele.com\/index.php\/phaj-1\/\">\n\t\t\t\t\t\t\t<img fetchpriority=\"high\" decoding=\"async\" width=\"644\" height=\"806\" src=\"https:\/\/mortelleadele.com\/wp-content\/uploads\/2026\/02\/AJAX_PH_01_CV_WEB.jpg\" class=\"attachment-large size-large wp-image-7732\" alt=\"\" srcset=\"https:\/\/mortelleadele.com\/wp-content\/uploads\/2026\/02\/AJAX_PH_01_CV_WEB.jpg 756w, https:\/\/mortelleadele.com\/wp-content\/uploads\/2026\/02\/AJAX_PH_01_CV_WEB-240x300.jpg 240w\" sizes=\"100vw\" \/>\t\t\t\t\t\t\t\t<\/a>\n\t\t\t\t\t\t\t\t\t\t\t\t\t\t\t<\/div>\n\t\t\t\t<\/div>\n\t\t\t\t\t<\/div>\n\t\t<\/div>\n\t\t\t\t\t<\/div>\n\t\t<\/section>\n\t\t\t\t<section class=\"elementor-section elementor-top-section elementor-element elementor-element-d7f2574 elementor-section-full_width elementor-section-content-middle elementor-section-height-default elementor-section-height-default\" data-id=\"d7f2574\" data-element_type=\"section\" data-e-type=\"section\">\n\t\t\t\t\t\t<div class=\"elementor-container elementor-column-gap-default\">\n\t\t\t\t\t<div class=\"elementor-column elementor-col-50 elementor-top-column elementor-element elementor-element-350abb1\" data-id=\"350abb1\" data-element_type=\"column\" data-e-type=\"column\">\n\t\t\t<div class=\"elementor-widget-wrap elementor-element-populated\">\n\t\t\t\t\t\t<div class=\"elementor-element elementor-element-071fb43 elementor-invisible elementor-widget elementor-widget-image\" data-id=\"071fb43\" data-element_type=\"widget\" data-e-type=\"widget\" data-settings=\"{&quot;_animation&quot;:&quot;fadeInRight&quot;}\" data-widget_type=\"image.default\">\n\t\t\t\t<div class=\"elementor-widget-container\">\n\t\t\t\t\t\t\t\t\t\t\t\t\t\t\t\t<a href=\"https:\/\/mortelleadele.com\/index.php\/tome-22\/\">\n\t\t\t\t\t\t\t<img decoding=\"async\" width=\"644\" height=\"813\" src=\"https:\/\/mortelleadele.com\/wp-content\/uploads\/2025\/09\/Maquette-MA-T22-COUV-1ERE-811x1024.jpeg\" class=\"attachment-large size-large wp-image-6967\" alt=\"\" srcset=\"https:\/\/mortelleadele.com\/wp-content\/uploads\/2025\/09\/Maquette-MA-T22-COUV-1ERE-811x1024.jpeg 811w, https:\/\/mortelleadele.com\/wp-content\/uploads\/2025\/09\/Maquette-MA-T22-COUV-1ERE-238x300.jpeg 238w, https:\/\/mortelleadele.com\/wp-content\/uploads\/2025\/09\/Maquette-MA-T22-COUV-1ERE-768x969.jpeg 768w, https:\/\/mortelleadele.com\/wp-content\/uploads\/2025\/09\/Maquette-MA-T22-COUV-1ERE-1217x1536.jpeg 1217w, https:\/\/mortelleadele.com\/wp-content\/uploads\/2025\/09\/Maquette-MA-T22-COUV-1ERE-1622x2048.jpeg 1622w, https:\/\/mortelleadele.com\/wp-content\/uploads\/2025\/09\/Maquette-MA-T22-COUV-1ERE-scaled.jpeg 2028w\" sizes=\"100vw\" \/>\t\t\t\t\t\t\t\t<\/a>\n\t\t\t\t\t\t\t\t\t\t\t\t\t\t\t<\/div>\n\t\t\t\t<\/div>\n\t\t\t\t\t<\/div>\n\t\t<\/div>\n\t\t\t\t<div class=\"elementor-column elementor-col-50 elementor-top-column elementor-element elementor-element-7a12d89\" data-id=\"7a12d89\" data-element_type=\"column\" data-e-type=\"column\">\n\t\t\t<div class=\"elementor-widget-wrap elementor-element-populated\">\n\t\t\t\t\t\t<div class=\"elementor-element elementor-element-dd02328 elementor-invisible elementor-widget elementor-widget-text-editor\" data-id=\"dd02328\" data-element_type=\"widget\" data-e-type=\"widget\" data-settings=\"{&quot;_animation&quot;:&quot;fadeInRight&quot;}\" data-widget_type=\"text-editor.default\">\n\t\t\t\t<div class=\"elementor-widget-container\">\n\t\t\t\t\t\t\t\t\t<p><span style=\"color: #000000;\">La nouvelle BD &#8211; Tome 22<\/span><br \/><strong><span style=\"color: #000000;\">Mortelle Ad\u00e8le &#8211; Bande de Compotes !<\/span><\/strong><\/p>\t\t\t\t\t\t\t\t<\/div>\n\t\t\t\t<\/div>\n\t\t\t\t\t<\/div>\n\t\t<\/div>\n\t\t\t\t\t<\/div>\n\t\t<\/section>\n\t\t\t\t<section class=\"elementor-section elementor-top-section elementor-element elementor-element-b47b2ed elementor-section-full_width elementor-section-content-middle elementor-section-height-default elementor-section-height-default\" data-id=\"b47b2ed\" data-element_type=\"section\" data-e-type=\"section\">\n\t\t\t\t\t\t<div class=\"elementor-container elementor-column-gap-default\">\n\t\t\t\t\t<div class=\"elementor-column elementor-col-50 elementor-top-column elementor-element elementor-element-12d373c\" data-id=\"12d373c\" data-element_type=\"column\" data-e-type=\"column\">\n\t\t\t<div class=\"elementor-widget-wrap elementor-element-populated\">\n\t\t\t\t\t\t<div class=\"elementor-element elementor-element-422195c elementor-invisible elementor-widget elementor-widget-text-editor\" data-id=\"422195c\" data-element_type=\"widget\" data-e-type=\"widget\" data-settings=\"{&quot;_animation&quot;:&quot;fadeInLeft&quot;}\" data-widget_type=\"text-editor.default\">\n\t\t\t\t<div class=\"elementor-widget-container\">\n\t\t\t\t\t\t\t\t\t<p style=\"text-align: right;\"><span style=\"color: #000000;\">La nouvelle \u00ab\u00a0P&rsquo;tite histoire\u00a0\u00bb &#8211; livre illustr\u00e9<\/span><br \/><strong><span style=\"color: #000000;\">Mortelle Ad\u00e8le &#8211; Ding, dong !<\/span><\/strong><\/p>\t\t\t\t\t\t\t\t<\/div>\n\t\t\t\t<\/div>\n\t\t\t\t\t<\/div>\n\t\t<\/div>\n\t\t\t\t<div class=\"elementor-column elementor-col-50 elementor-top-column elementor-element elementor-element-e7b3af6\" data-id=\"e7b3af6\" data-element_type=\"column\" data-e-type=\"column\">\n\t\t\t<div class=\"elementor-widget-wrap elementor-element-populated\">\n\t\t\t\t\t\t<div class=\"elementor-element elementor-element-d4d2b2e elementor-invisible elementor-widget elementor-widget-image\" data-id=\"d4d2b2e\" data-element_type=\"widget\" data-e-type=\"widget\" data-settings=\"{&quot;_animation&quot;:&quot;fadeInLeft&quot;}\" data-widget_type=\"image.default\">\n\t\t\t\t<div class=\"elementor-widget-container\">\n\t\t\t\t\t\t\t\t\t\t\t\t\t\t\t\t<a href=\"https:\/\/mortelleadele.com\/index.php\/phma-3\/\">\n\t\t\t\t\t\t\t<img decoding=\"async\" width=\"644\" height=\"803\" src=\"https:\/\/mortelleadele.com\/wp-content\/uploads\/2026\/01\/LES-PTITES-HISTOIRES-ADELE-HISTOIRE-3-COUV.jpg\" class=\"attachment-large size-large wp-image-7517\" alt=\"\" srcset=\"https:\/\/mortelleadele.com\/wp-content\/uploads\/2026\/01\/LES-PTITES-HISTOIRES-ADELE-HISTOIRE-3-COUV.jpg 759w, https:\/\/mortelleadele.com\/wp-content\/uploads\/2026\/01\/LES-PTITES-HISTOIRES-ADELE-HISTOIRE-3-COUV-241x300.jpg 241w\" sizes=\"100vw\" \/>\t\t\t\t\t\t\t\t<\/a>\n\t\t\t\t\t\t\t\t\t\t\t\t\t\t\t<\/div>\n\t\t\t\t<\/div>\n\t\t\t\t\t<\/div>\n\t\t<\/div>\n\t\t\t\t\t<\/div>\n\t\t<\/section>\n\t\t\t\t<\/div>\n\t\t","protected":false},"excerpt":{"rendered":"<p>La nouvelle \u00ab\u00a0P&rsquo;tite histoire\u00a0\u00bb &#8211; livre illustr\u00e9Ajax &#8211; Coeur chatmallow La nouvelle BD &#8211; Tome 22Mortelle Ad\u00e8le &#8211; Bande de Compotes ! La nouvelle \u00ab\u00a0P&rsquo;tite histoire\u00a0\u00bb &#8211; livre illustr\u00e9Mortelle Ad\u00e8le &#8211; Ding, dong !<\/p>\n","protected":false},"author":1,"featured_media":0,"parent":0,"menu_order":0,"comment_status":"closed","ping_status":"closed","template":"","meta":{"footnotes":""},"class_list":["post-1727","page","type-page","status-publish","hentry"],"yoast_head":"<!-- This site is optimized with the Yoast SEO plugin v27.3 - https:\/\/yoast.com\/product\/yoast-seo-wordpress\/ -->\n<title>Mes derni\u00e8res nouveaut\u00e9s &#8211; Mortelle Ad\u00e8le<\/title>\n<meta name=\"robots\" content=\"index, follow, max-snippet:-1, max-image-preview:large, max-video-preview:-1\" \/>\n<link rel=\"canonical\" href=\"https:\/\/mortelleadele.com\/index.php\/mes-trois-dernieres-sorties\/\" \/>\n<meta property=\"og:locale\" content=\"fr_FR\" \/>\n<meta property=\"og:type\" content=\"article\" \/>\n<meta property=\"og:title\" content=\"Mes derni\u00e8res nouveaut\u00e9s &#8211; Mortelle Ad\u00e8le\" \/>\n<meta property=\"og:description\" content=\"La nouvelle \u00ab\u00a0P&rsquo;tite histoire\u00a0\u00bb &#8211; livre illustr\u00e9Ajax &#8211; Coeur chatmallow La nouvelle BD &#8211; Tome 22Mortelle Ad\u00e8le &#8211; Bande de Compotes ! La nouvelle \u00ab\u00a0P&rsquo;tite histoire\u00a0\u00bb &#8211; livre illustr\u00e9Mortelle Ad\u00e8le &#8211; Ding, dong !\" \/>\n<meta property=\"og:url\" content=\"https:\/\/mortelleadele.com\/index.php\/mes-trois-dernieres-sorties\/\" \/>\n<meta property=\"og:site_name\" content=\"Mortelle Ad\u00e8le\" \/>\n<meta property=\"article:publisher\" content=\"https:\/\/www.facebook.com\/mortelleadele\" \/>\n<meta property=\"article:modified_time\" content=\"2026-03-12T08:19:16+00:00\" \/>\n<meta property=\"og:image\" content=\"https:\/\/mortelleadele.com\/wp-content\/uploads\/2026\/02\/AJAX_PH_01_CV_WEB.jpg\" \/>\n\t<meta property=\"og:image:width\" content=\"756\" \/>\n\t<meta property=\"og:image:height\" content=\"946\" \/>\n\t<meta property=\"og:image:type\" content=\"image\/jpeg\" \/>\n<meta name=\"twitter:card\" content=\"summary_large_image\" \/>\n<meta name=\"twitter:label1\" content=\"Dur\u00e9e de lecture estim\u00e9e\" \/>\n\t<meta name=\"twitter:data1\" content=\"1 minute\" \/>\n<script type=\"application\/ld+json\" class=\"yoast-schema-graph\">{\"@context\":\"https:\\\/\\\/schema.org\",\"@graph\":[{\"@type\":\"WebPage\",\"@id\":\"https:\\\/\\\/mortelleadele.com\\\/index.php\\\/mes-trois-dernieres-sorties\\\/\",\"url\":\"https:\\\/\\\/mortelleadele.com\\\/index.php\\\/mes-trois-dernieres-sorties\\\/\",\"name\":\"Mes derni\u00e8res nouveaut\u00e9s &#8211; Mortelle Ad\u00e8le\",\"isPartOf\":{\"@id\":\"https:\\\/\\\/mortelleadele.com\\\/#website\"},\"primaryImageOfPage\":{\"@id\":\"https:\\\/\\\/mortelleadele.com\\\/index.php\\\/mes-trois-dernieres-sorties\\\/#primaryimage\"},\"image\":{\"@id\":\"https:\\\/\\\/mortelleadele.com\\\/index.php\\\/mes-trois-dernieres-sorties\\\/#primaryimage\"},\"thumbnailUrl\":\"https:\\\/\\\/mortelleadele.com\\\/wp-content\\\/uploads\\\/2026\\\/02\\\/AJAX_PH_01_CV_WEB.jpg\",\"datePublished\":\"2023-01-19T17:46:34+00:00\",\"dateModified\":\"2026-03-12T08:19:16+00:00\",\"breadcrumb\":{\"@id\":\"https:\\\/\\\/mortelleadele.com\\\/index.php\\\/mes-trois-dernieres-sorties\\\/#breadcrumb\"},\"inLanguage\":\"fr-FR\",\"potentialAction\":[{\"@type\":\"ReadAction\",\"target\":[\"https:\\\/\\\/mortelleadele.com\\\/index.php\\\/mes-trois-dernieres-sorties\\\/\"]}]},{\"@type\":\"ImageObject\",\"inLanguage\":\"fr-FR\",\"@id\":\"https:\\\/\\\/mortelleadele.com\\\/index.php\\\/mes-trois-dernieres-sorties\\\/#primaryimage\",\"url\":\"https:\\\/\\\/mortelleadele.com\\\/wp-content\\\/uploads\\\/2026\\\/02\\\/AJAX_PH_01_CV_WEB.jpg\",\"contentUrl\":\"https:\\\/\\\/mortelleadele.com\\\/wp-content\\\/uploads\\\/2026\\\/02\\\/AJAX_PH_01_CV_WEB.jpg\",\"width\":756,\"height\":946},{\"@type\":\"BreadcrumbList\",\"@id\":\"https:\\\/\\\/mortelleadele.com\\\/index.php\\\/mes-trois-dernieres-sorties\\\/#breadcrumb\",\"itemListElement\":[{\"@type\":\"ListItem\",\"position\":1,\"name\":\"Accueil\",\"item\":\"https:\\\/\\\/mortelleadele.com\\\/\"},{\"@type\":\"ListItem\",\"position\":2,\"name\":\"Mes derni\u00e8res nouveaut\u00e9s\"}]},{\"@type\":\"WebSite\",\"@id\":\"https:\\\/\\\/mortelleadele.com\\\/#website\",\"url\":\"https:\\\/\\\/mortelleadele.com\\\/\",\"name\":\"Mortelle Ad\u00e8le\",\"description\":\"H\u00e9ro\u00efne de Bande dessin\u00e9e\",\"publisher\":{\"@id\":\"https:\\\/\\\/mortelleadele.com\\\/#organization\"},\"potentialAction\":[{\"@type\":\"SearchAction\",\"target\":{\"@type\":\"EntryPoint\",\"urlTemplate\":\"https:\\\/\\\/mortelleadele.com\\\/?s={search_term_string}\"},\"query-input\":{\"@type\":\"PropertyValueSpecification\",\"valueRequired\":true,\"valueName\":\"search_term_string\"}}],\"inLanguage\":\"fr-FR\"},{\"@type\":\"Organization\",\"@id\":\"https:\\\/\\\/mortelleadele.com\\\/#organization\",\"name\":\"Mortelle Ad\u00e8le\",\"url\":\"https:\\\/\\\/mortelleadele.com\\\/\",\"logo\":{\"@type\":\"ImageObject\",\"inLanguage\":\"fr-FR\",\"@id\":\"https:\\\/\\\/mortelleadele.com\\\/#\\\/schema\\\/logo\\\/image\\\/\",\"url\":\"https:\\\/\\\/mortelleadele.com\\\/wp-content\\\/uploads\\\/2023\\\/01\\\/Logo-Mortelle-Adele.jpeg\",\"contentUrl\":\"https:\\\/\\\/mortelleadele.com\\\/wp-content\\\/uploads\\\/2023\\\/01\\\/Logo-Mortelle-Adele.jpeg\",\"width\":1176,\"height\":761,\"caption\":\"Mortelle Ad\u00e8le\"},\"image\":{\"@id\":\"https:\\\/\\\/mortelleadele.com\\\/#\\\/schema\\\/logo\\\/image\\\/\"},\"sameAs\":[\"https:\\\/\\\/www.facebook.com\\\/mortelleadele\",\"https:\\\/\\\/www.instagram.com\\\/mortelleadelebd\"]}]}<\/script>\n<!-- \/ Yoast SEO plugin. -->","yoast_head_json":{"title":"Mes derni\u00e8res nouveaut\u00e9s &#8211; Mortelle Ad\u00e8le","robots":{"index":"index","follow":"follow","max-snippet":"max-snippet:-1","max-image-preview":"max-image-preview:large","max-video-preview":"max-video-preview:-1"},"canonical":"https:\/\/mortelleadele.com\/index.php\/mes-trois-dernieres-sorties\/","og_locale":"fr_FR","og_type":"article","og_title":"Mes derni\u00e8res nouveaut\u00e9s &#8211; Mortelle Ad\u00e8le","og_description":"La nouvelle \u00ab\u00a0P&rsquo;tite histoire\u00a0\u00bb &#8211; livre illustr\u00e9Ajax &#8211; Coeur chatmallow La nouvelle BD &#8211; Tome 22Mortelle Ad\u00e8le &#8211; Bande de Compotes ! La nouvelle \u00ab\u00a0P&rsquo;tite histoire\u00a0\u00bb &#8211; livre illustr\u00e9Mortelle Ad\u00e8le &#8211; Ding, dong !","og_url":"https:\/\/mortelleadele.com\/index.php\/mes-trois-dernieres-sorties\/","og_site_name":"Mortelle Ad\u00e8le","article_publisher":"https:\/\/www.facebook.com\/mortelleadele","article_modified_time":"2026-03-12T08:19:16+00:00","og_image":[{"width":756,"height":946,"url":"https:\/\/mortelleadele.com\/wp-content\/uploads\/2026\/02\/AJAX_PH_01_CV_WEB.jpg","type":"image\/jpeg"}],"twitter_card":"summary_large_image","twitter_misc":{"Dur\u00e9e de lecture estim\u00e9e":"1 minute"},"schema":{"@context":"https:\/\/schema.org","@graph":[{"@type":"WebPage","@id":"https:\/\/mortelleadele.com\/index.php\/mes-trois-dernieres-sorties\/","url":"https:\/\/mortelleadele.com\/index.php\/mes-trois-dernieres-sorties\/","name":"Mes derni\u00e8res nouveaut\u00e9s &#8211; Mortelle Ad\u00e8le","isPartOf":{"@id":"https:\/\/mortelleadele.com\/#website"},"primaryImageOfPage":{"@id":"https:\/\/mortelleadele.com\/index.php\/mes-trois-dernieres-sorties\/#primaryimage"},"image":{"@id":"https:\/\/mortelleadele.com\/index.php\/mes-trois-dernieres-sorties\/#primaryimage"},"thumbnailUrl":"https:\/\/mortelleadele.com\/wp-content\/uploads\/2026\/02\/AJAX_PH_01_CV_WEB.jpg","datePublished":"2023-01-19T17:46:34+00:00","dateModified":"2026-03-12T08:19:16+00:00","breadcrumb":{"@id":"https:\/\/mortelleadele.com\/index.php\/mes-trois-dernieres-sorties\/#breadcrumb"},"inLanguage":"fr-FR","potentialAction":[{"@type":"ReadAction","target":["https:\/\/mortelleadele.com\/index.php\/mes-trois-dernieres-sorties\/"]}]},{"@type":"ImageObject","inLanguage":"fr-FR","@id":"https:\/\/mortelleadele.com\/index.php\/mes-trois-dernieres-sorties\/#primaryimage","url":"https:\/\/mortelleadele.com\/wp-content\/uploads\/2026\/02\/AJAX_PH_01_CV_WEB.jpg","contentUrl":"https:\/\/mortelleadele.com\/wp-content\/uploads\/2026\/02\/AJAX_PH_01_CV_WEB.jpg","width":756,"height":946},{"@type":"BreadcrumbList","@id":"https:\/\/mortelleadele.com\/index.php\/mes-trois-dernieres-sorties\/#breadcrumb","itemListElement":[{"@type":"ListItem","position":1,"name":"Accueil","item":"https:\/\/mortelleadele.com\/"},{"@type":"ListItem","position":2,"name":"Mes derni\u00e8res nouveaut\u00e9s"}]},{"@type":"WebSite","@id":"https:\/\/mortelleadele.com\/#website","url":"https:\/\/mortelleadele.com\/","name":"Mortelle Ad\u00e8le","description":"H\u00e9ro\u00efne de Bande dessin\u00e9e","publisher":{"@id":"https:\/\/mortelleadele.com\/#organization"},"potentialAction":[{"@type":"SearchAction","target":{"@type":"EntryPoint","urlTemplate":"https:\/\/mortelleadele.com\/?s={search_term_string}"},"query-input":{"@type":"PropertyValueSpecification","valueRequired":true,"valueName":"search_term_string"}}],"inLanguage":"fr-FR"},{"@type":"Organization","@id":"https:\/\/mortelleadele.com\/#organization","name":"Mortelle Ad\u00e8le","url":"https:\/\/mortelleadele.com\/","logo":{"@type":"ImageObject","inLanguage":"fr-FR","@id":"https:\/\/mortelleadele.com\/#\/schema\/logo\/image\/","url":"https:\/\/mortelleadele.com\/wp-content\/uploads\/2023\/01\/Logo-Mortelle-Adele.jpeg","contentUrl":"https:\/\/mortelleadele.com\/wp-content\/uploads\/2023\/01\/Logo-Mortelle-Adele.jpeg","width":1176,"height":761,"caption":"Mortelle Ad\u00e8le"},"image":{"@id":"https:\/\/mortelleadele.com\/#\/schema\/logo\/image\/"},"sameAs":["https:\/\/www.facebook.com\/mortelleadele","https:\/\/www.instagram.com\/mortelleadelebd"]}]}},"_links":{"self":[{"href":"https:\/\/mortelleadele.com\/index.php\/wp-json\/wp\/v2\/pages\/1727","targetHints":{"allow":["GET"]}}],"collection":[{"href":"https:\/\/mortelleadele.com\/index.php\/wp-json\/wp\/v2\/pages"}],"about":[{"href":"https:\/\/mortelleadele.com\/index.php\/wp-json\/wp\/v2\/types\/page"}],"author":[{"embeddable":true,"href":"https:\/\/mortelleadele.com\/index.php\/wp-json\/wp\/v2\/users\/1"}],"replies":[{"embeddable":true,"href":"https:\/\/mortelleadele.com\/index.php\/wp-json\/wp\/v2\/comments?post=1727"}],"version-history":[{"count":64,"href":"https:\/\/mortelleadele.com\/index.php\/wp-json\/wp\/v2\/pages\/1727\/revisions"}],"predecessor-version":[{"id":7794,"href":"https:\/\/mortelleadele.com\/index.php\/wp-json\/wp\/v2\/pages\/1727\/revisions\/7794"}],"wp:attachment":[{"href":"https:\/\/mortelleadele.com\/index.php\/wp-json\/wp\/v2\/media?parent=1727"}],"curies":[{"name":"wp","href":"https:\/\/api.w.org\/{rel}","templated":true}]}}