{"id":3188,"date":"2023-09-15T10:11:17","date_gmt":"2023-09-15T08:11:17","guid":{"rendered":"https:\/\/mortelleadele.com\/?page_id=3188"},"modified":"2023-11-01T05:32:46","modified_gmt":"2023-11-01T04:32:46","slug":"les-enigmes","status":"publish","type":"page","link":"https:\/\/mortelleadele.com\/index.php\/les-enigmes\/","title":{"rendered":"Les \u00e9nigmes"},"content":{"rendered":"<div class=\"wp-block-image\">\n<figure class=\"aligncenter size-full is-resized\"><img fetchpriority=\"high\" decoding=\"async\" width=\"510\" height=\"536\" src=\"https:\/\/mortelleadele.com\/wp-content\/uploads\/2023\/09\/Ade\u0300le-Sherlock.png\" alt=\"\" class=\"wp-image-3191\" style=\"width:309px;height:324px\" srcset=\"https:\/\/mortelleadele.com\/wp-content\/uploads\/2023\/09\/Ade\u0300le-Sherlock.png 510w, https:\/\/mortelleadele.com\/wp-content\/uploads\/2023\/09\/Ade\u0300le-Sherlock-285x300.png 285w\" sizes=\"(max-width: 510px) 100vw, 510px\" \/><\/figure>\n<\/div>\n\n\n<p>Retrouve dans cette page <strong>les solutions<\/strong> aux <strong>\u00e9nigmes<\/strong> pr\u00e9sentes dans mes livres !<\/p>\n\n\n\n<div style=\"height:20px\" aria-hidden=\"true\" class=\"wp-block-spacer\"><\/div>\n\n\n\n<figure class=\"wp-block-image size-large\"><img decoding=\"async\" width=\"1024\" height=\"449\" src=\"https:\/\/mortelleadele.com\/wp-content\/uploads\/2023\/09\/Grande-Aventure-4-COUVERTURE-BANNIERE-1024x449.jpg\" alt=\"\" class=\"wp-image-3248\" srcset=\"https:\/\/mortelleadele.com\/wp-content\/uploads\/2023\/09\/Grande-Aventure-4-COUVERTURE-BANNIERE-1024x449.jpg 1024w, https:\/\/mortelleadele.com\/wp-content\/uploads\/2023\/09\/Grande-Aventure-4-COUVERTURE-BANNIERE-300x132.jpg 300w, https:\/\/mortelleadele.com\/wp-content\/uploads\/2023\/09\/Grande-Aventure-4-COUVERTURE-BANNIERE-768x337.jpg 768w, https:\/\/mortelleadele.com\/wp-content\/uploads\/2023\/09\/Grande-Aventure-4-COUVERTURE-BANNIERE.jpg 1201w\" sizes=\"(max-width: 706px) 89vw, (max-width: 767px) 82vw, 740px\" \/><\/figure>\n\n\n\n<h2 class=\"wp-block-heading\">Enigme des amulettes<\/h2>\n\n\n\n<p>As-tu retrouv\u00e9 toutes les amulettes pr\u00e9sentes dans cette grande aventure ?<\/p>\n\n\n\n<p><em><strong>La solution : <\/strong><\/em>les 3 amulettes sont aux pages <strong><mark style=\"background-color:rgba(0, 0, 0, 0)\" class=\"has-inline-color has-vivid-red-color\">22-34-44<\/mark><\/strong><mark style=\"background-color:rgba(0, 0, 0, 0)\" class=\"has-inline-color has-black-color\">. <\/mark><br><br>Ce qui te fait un taux de mortellitude \u00e0 100 % ! Funkymoumoutte !!!<\/p>\n\n\n\n<figure class=\"wp-block-gallery has-nested-images columns-default wp-block-gallery-1 is-layout-flex wp-block-gallery-is-layout-flex\">\n<figure class=\"wp-block-image size-full\"><img decoding=\"async\" width=\"200\" height=\"200\" data-id=\"3256\" src=\"https:\/\/mortelleadele.com\/wp-content\/uploads\/2023\/09\/Amulette-1.png\" alt=\"Page 22\" class=\"wp-image-3256\" srcset=\"https:\/\/mortelleadele.com\/wp-content\/uploads\/2023\/09\/Amulette-1.png 200w, https:\/\/mortelleadele.com\/wp-content\/uploads\/2023\/09\/Amulette-1-150x150.png 150w, https:\/\/mortelleadele.com\/wp-content\/uploads\/2023\/09\/Amulette-1-100x100.png 100w\" sizes=\"(max-width: 200px) 100vw, 200px\" \/><\/figure>\n\n\n\n<figure class=\"wp-block-image size-full\"><img loading=\"lazy\" decoding=\"async\" width=\"200\" height=\"200\" data-id=\"3257\" src=\"https:\/\/mortelleadele.com\/wp-content\/uploads\/2023\/09\/Amulette-2.png\" alt=\"Page 34\" class=\"wp-image-3257\" srcset=\"https:\/\/mortelleadele.com\/wp-content\/uploads\/2023\/09\/Amulette-2.png 200w, https:\/\/mortelleadele.com\/wp-content\/uploads\/2023\/09\/Amulette-2-150x150.png 150w, https:\/\/mortelleadele.com\/wp-content\/uploads\/2023\/09\/Amulette-2-100x100.png 100w\" sizes=\"(max-width: 200px) 100vw, 200px\" \/><\/figure>\n\n\n\n<figure class=\"wp-block-image size-full\"><img loading=\"lazy\" decoding=\"async\" width=\"200\" height=\"200\" data-id=\"3258\" src=\"https:\/\/mortelleadele.com\/wp-content\/uploads\/2023\/09\/Amulette-3.png\" alt=\"Page 44\" class=\"wp-image-3258\" srcset=\"https:\/\/mortelleadele.com\/wp-content\/uploads\/2023\/09\/Amulette-3.png 200w, https:\/\/mortelleadele.com\/wp-content\/uploads\/2023\/09\/Amulette-3-150x150.png 150w, https:\/\/mortelleadele.com\/wp-content\/uploads\/2023\/09\/Amulette-3-100x100.png 100w\" sizes=\"(max-width: 200px) 100vw, 200px\" \/><\/figure>\n<\/figure>\n\n\n\n<h2 class=\"wp-block-heading\">Enigme des f\u00e9es<\/h2>\n\n\n\n<p>As-tu retrouv\u00e9 toutes les f\u00e9es grav\u00e9es dans cette grande aventure ? <\/p>\n\n\n\n<p><strong><em>La solution : <\/em><\/strong>Les f\u00e9es sont aux pages <strong><mark style=\"background-color:rgba(0, 0, 0, 0)\" class=\"has-inline-color has-vivid-red-color\">6-13-32-43-73-93-98<\/mark><\/strong>.<\/p>\n\n\n\n<figure class=\"wp-block-gallery has-nested-images columns-7 is-cropped wp-block-gallery-2 is-layout-flex wp-block-gallery-is-layout-flex\">\n<figure class=\"wp-block-image size-full\"><img loading=\"lazy\" decoding=\"async\" width=\"200\" height=\"200\" data-id=\"3261\" src=\"https:\/\/mortelleadele.com\/wp-content\/uploads\/2023\/09\/Fe\u0301e-1.png\" alt=\"Page 6\" class=\"wp-image-3261\" srcset=\"https:\/\/mortelleadele.com\/wp-content\/uploads\/2023\/09\/Fe\u0301e-1.png 200w, https:\/\/mortelleadele.com\/wp-content\/uploads\/2023\/09\/Fe\u0301e-1-150x150.png 150w, https:\/\/mortelleadele.com\/wp-content\/uploads\/2023\/09\/Fe\u0301e-1-100x100.png 100w\" sizes=\"(max-width: 200px) 100vw, 200px\" \/><\/figure>\n\n\n\n<figure class=\"wp-block-image size-full\"><img loading=\"lazy\" decoding=\"async\" width=\"200\" height=\"200\" data-id=\"3267\" src=\"https:\/\/mortelleadele.com\/wp-content\/uploads\/2023\/09\/Fe\u0301e-2.png\" alt=\"Page 13\" class=\"wp-image-3267\" srcset=\"https:\/\/mortelleadele.com\/wp-content\/uploads\/2023\/09\/Fe\u0301e-2.png 200w, https:\/\/mortelleadele.com\/wp-content\/uploads\/2023\/09\/Fe\u0301e-2-150x150.png 150w, https:\/\/mortelleadele.com\/wp-content\/uploads\/2023\/09\/Fe\u0301e-2-100x100.png 100w\" sizes=\"(max-width: 200px) 100vw, 200px\" \/><\/figure>\n\n\n\n<figure class=\"wp-block-image size-full\"><img loading=\"lazy\" decoding=\"async\" width=\"200\" height=\"200\" data-id=\"3266\" src=\"https:\/\/mortelleadele.com\/wp-content\/uploads\/2023\/09\/Fe\u0301e-3.png\" alt=\"Page 32\" class=\"wp-image-3266\" srcset=\"https:\/\/mortelleadele.com\/wp-content\/uploads\/2023\/09\/Fe\u0301e-3.png 200w, https:\/\/mortelleadele.com\/wp-content\/uploads\/2023\/09\/Fe\u0301e-3-150x150.png 150w, https:\/\/mortelleadele.com\/wp-content\/uploads\/2023\/09\/Fe\u0301e-3-100x100.png 100w\" sizes=\"(max-width: 200px) 100vw, 200px\" \/><\/figure>\n\n\n\n<figure class=\"wp-block-image size-full\"><img loading=\"lazy\" decoding=\"async\" width=\"200\" height=\"200\" data-id=\"3265\" src=\"https:\/\/mortelleadele.com\/wp-content\/uploads\/2023\/09\/Fe\u0301e-4.png\" alt=\"Page 43\" class=\"wp-image-3265\" srcset=\"https:\/\/mortelleadele.com\/wp-content\/uploads\/2023\/09\/Fe\u0301e-4.png 200w, https:\/\/mortelleadele.com\/wp-content\/uploads\/2023\/09\/Fe\u0301e-4-150x150.png 150w, https:\/\/mortelleadele.com\/wp-content\/uploads\/2023\/09\/Fe\u0301e-4-100x100.png 100w\" sizes=\"(max-width: 200px) 100vw, 200px\" \/><\/figure>\n\n\n\n<figure class=\"wp-block-image size-full\"><img loading=\"lazy\" decoding=\"async\" width=\"200\" height=\"200\" data-id=\"3264\" src=\"https:\/\/mortelleadele.com\/wp-content\/uploads\/2023\/09\/Fe\u0301e-5.png\" alt=\"Page 73\" class=\"wp-image-3264\" srcset=\"https:\/\/mortelleadele.com\/wp-content\/uploads\/2023\/09\/Fe\u0301e-5.png 200w, https:\/\/mortelleadele.com\/wp-content\/uploads\/2023\/09\/Fe\u0301e-5-150x150.png 150w, https:\/\/mortelleadele.com\/wp-content\/uploads\/2023\/09\/Fe\u0301e-5-100x100.png 100w\" sizes=\"(max-width: 200px) 100vw, 200px\" \/><\/figure>\n\n\n\n<figure class=\"wp-block-image size-full\"><img loading=\"lazy\" decoding=\"async\" width=\"200\" height=\"200\" data-id=\"3262\" src=\"https:\/\/mortelleadele.com\/wp-content\/uploads\/2023\/09\/Fe\u0301e-6.png\" alt=\"Page 93\" class=\"wp-image-3262\" srcset=\"https:\/\/mortelleadele.com\/wp-content\/uploads\/2023\/09\/Fe\u0301e-6.png 200w, https:\/\/mortelleadele.com\/wp-content\/uploads\/2023\/09\/Fe\u0301e-6-150x150.png 150w, https:\/\/mortelleadele.com\/wp-content\/uploads\/2023\/09\/Fe\u0301e-6-100x100.png 100w\" sizes=\"(max-width: 200px) 100vw, 200px\" \/><\/figure>\n\n\n\n<figure class=\"wp-block-image size-full\"><img loading=\"lazy\" decoding=\"async\" width=\"200\" height=\"200\" data-id=\"3263\" src=\"https:\/\/mortelleadele.com\/wp-content\/uploads\/2023\/09\/Fe\u0301e-7.png\" alt=\"Page 98\" class=\"wp-image-3263\" srcset=\"https:\/\/mortelleadele.com\/wp-content\/uploads\/2023\/09\/Fe\u0301e-7.png 200w, https:\/\/mortelleadele.com\/wp-content\/uploads\/2023\/09\/Fe\u0301e-7-150x150.png 150w, https:\/\/mortelleadele.com\/wp-content\/uploads\/2023\/09\/Fe\u0301e-7-100x100.png 100w\" sizes=\"(max-width: 200px) 100vw, 200px\" \/><\/figure>\n<\/figure>\n\n\n\n<h2 class=\"wp-block-heading\">Enigme de Tyroll le lutin<\/h2>\n\n\n\n<p>As-tu rep\u00e9r\u00e9 Tyroll le lutin pr\u00e9sent dans cette grande aventure ? <\/p>\n\n\n\n<p><strong><em>La solution :<\/em><\/strong> Tyroll est \u00e0 la page <strong><mark style=\"background-color:rgba(0, 0, 0, 0)\" class=\"has-inline-color has-vivid-red-color\">79<\/mark><\/strong>.<\/p>\n\n\n<div class=\"wp-block-image\">\n<figure class=\"aligncenter size-full is-resized\"><img loading=\"lazy\" decoding=\"async\" width=\"200\" height=\"200\" src=\"https:\/\/mortelleadele.com\/wp-content\/uploads\/2023\/09\/Tyroll.png\" alt=\"Page 79\" class=\"wp-image-3271\" style=\"object-fit:cover;width:150px;height:150px\" srcset=\"https:\/\/mortelleadele.com\/wp-content\/uploads\/2023\/09\/Tyroll.png 200w, https:\/\/mortelleadele.com\/wp-content\/uploads\/2023\/09\/Tyroll-150x150.png 150w, https:\/\/mortelleadele.com\/wp-content\/uploads\/2023\/09\/Tyroll-100x100.png 100w\" sizes=\"(max-width: 200px) 100vw, 200px\" \/><\/figure>\n<\/div>\n\n\n<div style=\"height:50px\" aria-hidden=\"true\" class=\"wp-block-spacer\"><\/div>\n","protected":false},"excerpt":{"rendered":"<p>Retrouve dans cette page les solutions aux \u00e9nigmes pr\u00e9sentes dans mes livres ! Enigme des amulettes As-tu retrouv\u00e9 toutes les amulettes pr\u00e9sentes dans cette grande aventure ? La solution : les 3 amulettes sont aux pages 22-34-44. Ce qui te fait un taux de mortellitude \u00e0 100 % ! Funkymoumoutte !!! Enigme des f\u00e9es As-tu &hellip; <\/p>\n<p class=\"link-more\"><a href=\"https:\/\/mortelleadele.com\/index.php\/les-enigmes\/\" class=\"more-link\">Continuer la lecture<span class=\"screen-reader-text\"> de &laquo;&nbsp;Les \u00e9nigmes&nbsp;&raquo;<\/span><\/a><\/p>\n","protected":false},"author":1,"featured_media":0,"parent":0,"menu_order":0,"comment_status":"closed","ping_status":"closed","template":"","meta":{"footnotes":""},"class_list":["post-3188","page","type-page","status-publish","hentry"],"yoast_head":"<!-- This site is optimized with the Yoast SEO plugin v27.3 - https:\/\/yoast.com\/product\/yoast-seo-wordpress\/ -->\n<title>Les \u00e9nigmes &#8211; Mortelle Ad\u00e8le<\/title>\n<meta name=\"robots\" content=\"index, follow, max-snippet:-1, max-image-preview:large, max-video-preview:-1\" \/>\n<link rel=\"canonical\" href=\"https:\/\/mortelleadele.com\/index.php\/les-enigmes\/\" \/>\n<meta property=\"og:locale\" content=\"fr_FR\" \/>\n<meta property=\"og:type\" content=\"article\" \/>\n<meta property=\"og:title\" content=\"Les \u00e9nigmes &#8211; Mortelle Ad\u00e8le\" \/>\n<meta property=\"og:description\" content=\"Retrouve dans cette page les solutions aux \u00e9nigmes pr\u00e9sentes dans mes livres ! Enigme des amulettes As-tu retrouv\u00e9 toutes les amulettes pr\u00e9sentes dans cette grande aventure ? La solution : les 3 amulettes sont aux pages 22-34-44. Ce qui te fait un taux de mortellitude \u00e0 100 % ! Funkymoumoutte !!! Enigme des f\u00e9es As-tu &hellip; Continuer la lecture de &laquo;&nbsp;Les \u00e9nigmes&nbsp;&raquo;\" \/>\n<meta property=\"og:url\" content=\"https:\/\/mortelleadele.com\/index.php\/les-enigmes\/\" \/>\n<meta property=\"og:site_name\" content=\"Mortelle Ad\u00e8le\" \/>\n<meta property=\"article:publisher\" content=\"https:\/\/www.facebook.com\/mortelleadele\" \/>\n<meta property=\"article:modified_time\" content=\"2023-11-01T04:32:46+00:00\" \/>\n<meta property=\"og:image\" content=\"https:\/\/mortelleadele.com\/wp-content\/uploads\/2023\/09\/Grande-Aventure-4-COUVERTURE-BANNIERE-1024x449.jpg\" \/>\n<meta name=\"twitter:card\" content=\"summary_large_image\" \/>\n<meta name=\"twitter:label1\" content=\"Dur\u00e9e de lecture estim\u00e9e\" \/>\n\t<meta name=\"twitter:data1\" content=\"4 minutes\" \/>\n<script type=\"application\/ld+json\" class=\"yoast-schema-graph\">{\"@context\":\"https:\\\/\\\/schema.org\",\"@graph\":[{\"@type\":\"WebPage\",\"@id\":\"https:\\\/\\\/mortelleadele.com\\\/index.php\\\/les-enigmes\\\/\",\"url\":\"https:\\\/\\\/mortelleadele.com\\\/index.php\\\/les-enigmes\\\/\",\"name\":\"Les \u00e9nigmes &#8211; Mortelle Ad\u00e8le\",\"isPartOf\":{\"@id\":\"https:\\\/\\\/mortelleadele.com\\\/#website\"},\"primaryImageOfPage\":{\"@id\":\"https:\\\/\\\/mortelleadele.com\\\/index.php\\\/les-enigmes\\\/#primaryimage\"},\"image\":{\"@id\":\"https:\\\/\\\/mortelleadele.com\\\/index.php\\\/les-enigmes\\\/#primaryimage\"},\"thumbnailUrl\":\"https:\\\/\\\/mortelleadele.com\\\/wp-content\\\/uploads\\\/2023\\\/09\\\/Grande-Aventure-4-COUVERTURE-BANNIERE-1024x449.jpg\",\"datePublished\":\"2023-09-15T08:11:17+00:00\",\"dateModified\":\"2023-11-01T04:32:46+00:00\",\"breadcrumb\":{\"@id\":\"https:\\\/\\\/mortelleadele.com\\\/index.php\\\/les-enigmes\\\/#breadcrumb\"},\"inLanguage\":\"fr-FR\",\"potentialAction\":[{\"@type\":\"ReadAction\",\"target\":[\"https:\\\/\\\/mortelleadele.com\\\/index.php\\\/les-enigmes\\\/\"]}]},{\"@type\":\"ImageObject\",\"inLanguage\":\"fr-FR\",\"@id\":\"https:\\\/\\\/mortelleadele.com\\\/index.php\\\/les-enigmes\\\/#primaryimage\",\"url\":\"https:\\\/\\\/mortelleadele.com\\\/wp-content\\\/uploads\\\/2023\\\/09\\\/Grande-Aventure-4-COUVERTURE-BANNIERE.jpg\",\"contentUrl\":\"https:\\\/\\\/mortelleadele.com\\\/wp-content\\\/uploads\\\/2023\\\/09\\\/Grande-Aventure-4-COUVERTURE-BANNIERE.jpg\",\"width\":1201,\"height\":527},{\"@type\":\"BreadcrumbList\",\"@id\":\"https:\\\/\\\/mortelleadele.com\\\/index.php\\\/les-enigmes\\\/#breadcrumb\",\"itemListElement\":[{\"@type\":\"ListItem\",\"position\":1,\"name\":\"Accueil\",\"item\":\"https:\\\/\\\/mortelleadele.com\\\/\"},{\"@type\":\"ListItem\",\"position\":2,\"name\":\"Les \u00e9nigmes\"}]},{\"@type\":\"WebSite\",\"@id\":\"https:\\\/\\\/mortelleadele.com\\\/#website\",\"url\":\"https:\\\/\\\/mortelleadele.com\\\/\",\"name\":\"Mortelle Ad\u00e8le\",\"description\":\"H\u00e9ro\u00efne de Bande dessin\u00e9e\",\"publisher\":{\"@id\":\"https:\\\/\\\/mortelleadele.com\\\/#organization\"},\"potentialAction\":[{\"@type\":\"SearchAction\",\"target\":{\"@type\":\"EntryPoint\",\"urlTemplate\":\"https:\\\/\\\/mortelleadele.com\\\/?s={search_term_string}\"},\"query-input\":{\"@type\":\"PropertyValueSpecification\",\"valueRequired\":true,\"valueName\":\"search_term_string\"}}],\"inLanguage\":\"fr-FR\"},{\"@type\":\"Organization\",\"@id\":\"https:\\\/\\\/mortelleadele.com\\\/#organization\",\"name\":\"Mortelle Ad\u00e8le\",\"url\":\"https:\\\/\\\/mortelleadele.com\\\/\",\"logo\":{\"@type\":\"ImageObject\",\"inLanguage\":\"fr-FR\",\"@id\":\"https:\\\/\\\/mortelleadele.com\\\/#\\\/schema\\\/logo\\\/image\\\/\",\"url\":\"https:\\\/\\\/mortelleadele.com\\\/wp-content\\\/uploads\\\/2023\\\/01\\\/Logo-Mortelle-Adele.jpeg\",\"contentUrl\":\"https:\\\/\\\/mortelleadele.com\\\/wp-content\\\/uploads\\\/2023\\\/01\\\/Logo-Mortelle-Adele.jpeg\",\"width\":1176,\"height\":761,\"caption\":\"Mortelle Ad\u00e8le\"},\"image\":{\"@id\":\"https:\\\/\\\/mortelleadele.com\\\/#\\\/schema\\\/logo\\\/image\\\/\"},\"sameAs\":[\"https:\\\/\\\/www.facebook.com\\\/mortelleadele\",\"https:\\\/\\\/www.instagram.com\\\/mortelleadelebd\"]}]}<\/script>\n<!-- \/ Yoast SEO plugin. -->","yoast_head_json":{"title":"Les \u00e9nigmes &#8211; Mortelle Ad\u00e8le","robots":{"index":"index","follow":"follow","max-snippet":"max-snippet:-1","max-image-preview":"max-image-preview:large","max-video-preview":"max-video-preview:-1"},"canonical":"https:\/\/mortelleadele.com\/index.php\/les-enigmes\/","og_locale":"fr_FR","og_type":"article","og_title":"Les \u00e9nigmes &#8211; Mortelle Ad\u00e8le","og_description":"Retrouve dans cette page les solutions aux \u00e9nigmes pr\u00e9sentes dans mes livres ! Enigme des amulettes As-tu retrouv\u00e9 toutes les amulettes pr\u00e9sentes dans cette grande aventure ? La solution : les 3 amulettes sont aux pages 22-34-44. Ce qui te fait un taux de mortellitude \u00e0 100 % ! Funkymoumoutte !!! Enigme des f\u00e9es As-tu &hellip; Continuer la lecture de &laquo;&nbsp;Les \u00e9nigmes&nbsp;&raquo;","og_url":"https:\/\/mortelleadele.com\/index.php\/les-enigmes\/","og_site_name":"Mortelle Ad\u00e8le","article_publisher":"https:\/\/www.facebook.com\/mortelleadele","article_modified_time":"2023-11-01T04:32:46+00:00","og_image":[{"url":"https:\/\/mortelleadele.com\/wp-content\/uploads\/2023\/09\/Grande-Aventure-4-COUVERTURE-BANNIERE-1024x449.jpg","type":"","width":"","height":""}],"twitter_card":"summary_large_image","twitter_misc":{"Dur\u00e9e de lecture estim\u00e9e":"4 minutes"},"schema":{"@context":"https:\/\/schema.org","@graph":[{"@type":"WebPage","@id":"https:\/\/mortelleadele.com\/index.php\/les-enigmes\/","url":"https:\/\/mortelleadele.com\/index.php\/les-enigmes\/","name":"Les \u00e9nigmes &#8211; Mortelle Ad\u00e8le","isPartOf":{"@id":"https:\/\/mortelleadele.com\/#website"},"primaryImageOfPage":{"@id":"https:\/\/mortelleadele.com\/index.php\/les-enigmes\/#primaryimage"},"image":{"@id":"https:\/\/mortelleadele.com\/index.php\/les-enigmes\/#primaryimage"},"thumbnailUrl":"https:\/\/mortelleadele.com\/wp-content\/uploads\/2023\/09\/Grande-Aventure-4-COUVERTURE-BANNIERE-1024x449.jpg","datePublished":"2023-09-15T08:11:17+00:00","dateModified":"2023-11-01T04:32:46+00:00","breadcrumb":{"@id":"https:\/\/mortelleadele.com\/index.php\/les-enigmes\/#breadcrumb"},"inLanguage":"fr-FR","potentialAction":[{"@type":"ReadAction","target":["https:\/\/mortelleadele.com\/index.php\/les-enigmes\/"]}]},{"@type":"ImageObject","inLanguage":"fr-FR","@id":"https:\/\/mortelleadele.com\/index.php\/les-enigmes\/#primaryimage","url":"https:\/\/mortelleadele.com\/wp-content\/uploads\/2023\/09\/Grande-Aventure-4-COUVERTURE-BANNIERE.jpg","contentUrl":"https:\/\/mortelleadele.com\/wp-content\/uploads\/2023\/09\/Grande-Aventure-4-COUVERTURE-BANNIERE.jpg","width":1201,"height":527},{"@type":"BreadcrumbList","@id":"https:\/\/mortelleadele.com\/index.php\/les-enigmes\/#breadcrumb","itemListElement":[{"@type":"ListItem","position":1,"name":"Accueil","item":"https:\/\/mortelleadele.com\/"},{"@type":"ListItem","position":2,"name":"Les \u00e9nigmes"}]},{"@type":"WebSite","@id":"https:\/\/mortelleadele.com\/#website","url":"https:\/\/mortelleadele.com\/","name":"Mortelle Ad\u00e8le","description":"H\u00e9ro\u00efne de Bande dessin\u00e9e","publisher":{"@id":"https:\/\/mortelleadele.com\/#organization"},"potentialAction":[{"@type":"SearchAction","target":{"@type":"EntryPoint","urlTemplate":"https:\/\/mortelleadele.com\/?s={search_term_string}"},"query-input":{"@type":"PropertyValueSpecification","valueRequired":true,"valueName":"search_term_string"}}],"inLanguage":"fr-FR"},{"@type":"Organization","@id":"https:\/\/mortelleadele.com\/#organization","name":"Mortelle Ad\u00e8le","url":"https:\/\/mortelleadele.com\/","logo":{"@type":"ImageObject","inLanguage":"fr-FR","@id":"https:\/\/mortelleadele.com\/#\/schema\/logo\/image\/","url":"https:\/\/mortelleadele.com\/wp-content\/uploads\/2023\/01\/Logo-Mortelle-Adele.jpeg","contentUrl":"https:\/\/mortelleadele.com\/wp-content\/uploads\/2023\/01\/Logo-Mortelle-Adele.jpeg","width":1176,"height":761,"caption":"Mortelle Ad\u00e8le"},"image":{"@id":"https:\/\/mortelleadele.com\/#\/schema\/logo\/image\/"},"sameAs":["https:\/\/www.facebook.com\/mortelleadele","https:\/\/www.instagram.com\/mortelleadelebd"]}]}},"_links":{"self":[{"href":"https:\/\/mortelleadele.com\/index.php\/wp-json\/wp\/v2\/pages\/3188","targetHints":{"allow":["GET"]}}],"collection":[{"href":"https:\/\/mortelleadele.com\/index.php\/wp-json\/wp\/v2\/pages"}],"about":[{"href":"https:\/\/mortelleadele.com\/index.php\/wp-json\/wp\/v2\/types\/page"}],"author":[{"embeddable":true,"href":"https:\/\/mortelleadele.com\/index.php\/wp-json\/wp\/v2\/users\/1"}],"replies":[{"embeddable":true,"href":"https:\/\/mortelleadele.com\/index.php\/wp-json\/wp\/v2\/comments?post=3188"}],"version-history":[{"count":18,"href":"https:\/\/mortelleadele.com\/index.php\/wp-json\/wp\/v2\/pages\/3188\/revisions"}],"predecessor-version":[{"id":3481,"href":"https:\/\/mortelleadele.com\/index.php\/wp-json\/wp\/v2\/pages\/3188\/revisions\/3481"}],"wp:attachment":[{"href":"https:\/\/mortelleadele.com\/index.php\/wp-json\/wp\/v2\/media?parent=3188"}],"curies":[{"name":"wp","href":"https:\/\/api.w.org\/{rel}","templated":true}]}}