{"id":915,"date":"2022-12-02T15:20:26","date_gmt":"2022-12-02T14:20:26","guid":{"rendered":"https:\/\/ma.mrtanandco.fr\/?page_id=915"},"modified":"2022-12-17T19:12:42","modified_gmt":"2022-12-17T18:12:42","slug":"moi-et-les-autres","status":"publish","type":"page","link":"https:\/\/mortelleadele.com\/index.php\/moi-et-les-autres\/","title":{"rendered":"Moi et les autres"},"content":{"rendered":"<div class=\"wp-block-image\">\n<figure class=\"aligncenter size-full is-resized\"><img fetchpriority=\"high\" decoding=\"async\" src=\"https:\/\/ma.mrtanandco.fr\/wp-content\/uploads\/2022\/12\/ADELE.jpg\" alt=\"Mortelle Ad\u00e8le\" class=\"wp-image-911\" width=\"395\" height=\"338\" srcset=\"https:\/\/mortelleadele.com\/wp-content\/uploads\/2022\/12\/ADELE.jpg 527w, https:\/\/mortelleadele.com\/wp-content\/uploads\/2022\/12\/ADELE-300x257.jpg 300w\" sizes=\"(max-width: 395px) 100vw, 395px\" \/><\/figure>\n<\/div>\n\n\n<h2 class=\"wp-block-heading\"><strong>Salut les moches&nbsp;!<\/strong><\/h2>\n\n\n\n<p>Je vous pr\u00e9sente ma famille, mes amis et mes ennemis. Je vous pr\u00e9viens, je ne les ai pas choisis, \u00e0 part Magnus bien s\u00fbr.<br>Non mais s\u00e9rieusement, vous pensiez que je voulais avoir un chat comme animal de compagnie&nbsp;? Pas du tout&nbsp;! Je voulais un B\u00c9B\u00c9 LION&nbsp;!<\/p>\n\n\n\n<p>Je pense que Jade et Miranda sont deux soldats de la mode ultra d\u00e9biles qui ont infiltr\u00e9 ma classe. Pour le reste, ma grand-m\u00e8re est une sorci\u00e8re, mes parents passent leur temps \u00e0 travailler et, Jennifer, elle est compl\u00e8tement folle.<\/p>\n\n\n\n<p>Ah, si, j\u2019allais oublier&nbsp;! Il y a Fizz, mon b\u00e9b\u00e9 grizzli. C\u2019est mon chouchou. Il aime encore moins de monde que moi et c\u2019est le hamster-grizzli le plus rapide de la terre.<\/p>\n\n\n\n<p>Bref, vous me connaissez, je suis MORTELLE AD\u00c8LE, je n\u2019aime personne \u00e0 part moi-m\u00eame et comme je le dis souvent&nbsp;: \u00ab&nbsp;<em>pas de piti\u00e9 pour les nazebroques&nbsp;!&nbsp;<\/em>\u00bb.<\/p>\n\n\n\n<p>Bon, j\u2019ai dit que j\u2019aimais personne mais c\u2019est pas tout \u00e0 fait vrai hein\u2026 chut&nbsp;!<\/p>\n\n\n\n<div class=\"wp-block-columns is-layout-flex wp-container-core-columns-is-layout-9d6595d7 wp-block-columns-is-layout-flex\">\n<div class=\"wp-block-column is-layout-flow wp-block-column-is-layout-flow\"><div class=\"wp-block-image\">\n<figure class=\"aligncenter size-full\"><img decoding=\"async\" src=\"https:\/\/ma.mrtanandco.fr\/wp-content\/uploads\/2022\/12\/Ajax.jpeg\" alt=\"\" class=\"wp-image-923\"\/><\/figure>\n<\/div>\n\n\n<h2 class=\"has-text-align-center wp-block-heading\">Ajax<\/h2>\n\n\n\n<p class=\"has-text-align-center\">Quand mes parents m\u2019ont offert Ajax, je pensais que c\u2019\u00e9tait un b\u00e9b\u00e9 lion. Depuis que j\u2019ai d\u00e9couvert que ce n\u2019est qu\u2019un simple chaton, je suis bien d\u00e9cid\u00e9e \u00e0 faire ce qu\u2019il faut pour m\u2019en d\u00e9barrasser. Une chose est s\u00fbre, \u00e0 cause de moi, Ajax est le seul chat qui ne retombe pas toujours sur ses pattes\u2026<\/p>\n<\/div>\n\n\n\n<div class=\"wp-block-column is-layout-flow wp-block-column-is-layout-flow\"><div class=\"wp-block-image\">\n<figure class=\"aligncenter size-full\"><img decoding=\"async\" width=\"652\" height=\"750\" src=\"https:\/\/ma.mrtanandco.fr\/wp-content\/uploads\/2022\/12\/Geoffroy.jpg\" alt=\"\" class=\"wp-image-928\" srcset=\"https:\/\/mortelleadele.com\/wp-content\/uploads\/2022\/12\/Geoffroy.jpg 652w, https:\/\/mortelleadele.com\/wp-content\/uploads\/2022\/12\/Geoffroy-261x300.jpg 261w\" sizes=\"(max-width: 652px) 100vw, 652px\" \/><\/figure>\n<\/div>\n\n\n<h2 class=\"has-text-align-center wp-block-heading\">Geoffroy<\/h2>\n\n\n\n<p class=\"has-text-align-center\">S\u2019il y avait un roi des andouilles, ce serait s\u00fbrement Geoffroy. Toujours \u00e0 me courir apr\u00e8s en voulant me tenir la main et porter mon cartable. Il dit qu\u2019il est amoureux de moi et qu\u2019il veut me donner son c\u0153ur. Je ne suis pas contre, mais d\u00e8s que je sors mon bistouri, il s\u2019enfuit en courant&nbsp;!<\/p>\n<\/div>\n<\/div>\n\n\n\n<div class=\"wp-block-columns is-layout-flex wp-container-core-columns-is-layout-9d6595d7 wp-block-columns-is-layout-flex\">\n<div class=\"wp-block-column is-layout-flow wp-block-column-is-layout-flow\"><div class=\"wp-block-image\">\n<figure class=\"aligncenter size-full\"><img decoding=\"async\" width=\"652\" height=\"750\" src=\"https:\/\/ma.mrtanandco.fr\/wp-content\/uploads\/2022\/12\/Mamie.jpg\" alt=\"Mamie\" class=\"wp-image-937\" srcset=\"https:\/\/mortelleadele.com\/wp-content\/uploads\/2022\/12\/Mamie.jpg 652w, https:\/\/mortelleadele.com\/wp-content\/uploads\/2022\/12\/Mamie-261x300.jpg 261w\" sizes=\"(max-width: 652px) 100vw, 652px\" \/><\/figure>\n<\/div>\n\n\n<h2 class=\"has-text-align-center wp-block-heading\">Mamie<\/h2>\n\n\n\n<p class=\"has-text-align-center\">Mamie c\u2019est une sorci\u00e8re. Une vraie, je veux dire. Elle croit que je ne le sais pas\u2026 mais j\u2019ai entendu papa dire \u00e0 maman une fois : \u00ab<em>&nbsp;Mais quelle sorci\u00e8re, ta m\u00e8re !&nbsp;<\/em>\u00bb. Depuis je m\u00e8ne l\u2019enqu\u00eate.<\/p>\n<\/div>\n\n\n\n<div class=\"wp-block-column is-layout-flow wp-block-column-is-layout-flow\"><div class=\"wp-block-image\">\n<figure class=\"aligncenter size-full\"><img loading=\"lazy\" decoding=\"async\" width=\"652\" height=\"750\" src=\"https:\/\/ma.mrtanandco.fr\/wp-content\/uploads\/2022\/12\/Magnus.jpg\" alt=\"Magnus\" class=\"wp-image-936\" srcset=\"https:\/\/mortelleadele.com\/wp-content\/uploads\/2022\/12\/Magnus.jpg 652w, https:\/\/mortelleadele.com\/wp-content\/uploads\/2022\/12\/Magnus-261x300.jpg 261w\" sizes=\"(max-width: 652px) 100vw, 652px\" \/><\/figure>\n<\/div>\n\n\n<h2 class=\"has-text-align-center wp-block-heading\">Magnus<\/h2>\n\n\n\n<p class=\"has-text-align-center\">Magnus est mon super-ami imaginaire, d\u2019ailleurs il m\u2019as promis que si un jour je meurs, il me prendra comme amie imaginaire \u00e0 mon tour, pour qu\u2019on soit toujours ensemble. Il n\u2019a peur de rien \u00e0 part des DVD que m\u2019offre Mamie.<\/p>\n<\/div>\n<\/div>\n\n\n\n<div class=\"wp-block-columns is-layout-flex wp-container-core-columns-is-layout-9d6595d7 wp-block-columns-is-layout-flex\">\n<div class=\"wp-block-column is-layout-flow wp-block-column-is-layout-flow\"><div class=\"wp-block-image\">\n<figure class=\"aligncenter size-full\"><img loading=\"lazy\" decoding=\"async\" width=\"652\" height=\"750\" src=\"https:\/\/ma.mrtanandco.fr\/wp-content\/uploads\/2022\/12\/MamanPapa.jpg\" alt=\"Maman Papa\" class=\"wp-image-935\" srcset=\"https:\/\/mortelleadele.com\/wp-content\/uploads\/2022\/12\/MamanPapa.jpg 652w, https:\/\/mortelleadele.com\/wp-content\/uploads\/2022\/12\/MamanPapa-261x300.jpg 261w\" sizes=\"(max-width: 652px) 100vw, 652px\" \/><\/figure>\n<\/div>\n\n\n<h2 class=\"has-text-align-center wp-block-heading\">Papa et Maman<\/h2>\n\n\n\n<p class=\"has-text-align-center\">Je vous pr\u00e9sente mes parents. Leurs hobbies pr\u00e9f\u00e9r\u00e9s ? Me faire ranger ma chambre, me faire manger des l\u00e9gumes, me faire faire mes devoirs, me dire d\u2019aller au lit \u2026 De v\u00e9ritables tortionnaires ! Moi, mon jeu pr\u00e9f\u00e9r\u00e9 c\u2019est de les faire tourner en bourrique.<br>Ils disent que \u00e7a les fatigue, mais je suis s\u00fbre qu\u2019ils s\u2019ennuieraient sans moi&nbsp;!<\/p>\n<\/div>\n\n\n\n<div class=\"wp-block-column is-layout-flow wp-block-column-is-layout-flow\"><div class=\"wp-block-image\">\n<figure class=\"aligncenter size-full\"><img loading=\"lazy\" decoding=\"async\" width=\"652\" height=\"750\" src=\"https:\/\/ma.mrtanandco.fr\/wp-content\/uploads\/2022\/12\/JadeMiranda.jpg\" alt=\"Jade Miranda\" class=\"wp-image-934\" srcset=\"https:\/\/mortelleadele.com\/wp-content\/uploads\/2022\/12\/JadeMiranda.jpg 652w, https:\/\/mortelleadele.com\/wp-content\/uploads\/2022\/12\/JadeMiranda-261x300.jpg 261w\" sizes=\"(max-width: 652px) 100vw, 652px\" \/><\/figure>\n<\/div>\n\n\n<h2 class=\"has-text-align-center wp-block-heading\">Jade et Miranda<\/h2>\n\n\n\n<p class=\"has-text-align-center\">Si un navet et une courge prenaient forme humaine, ils ressembleraient s\u00fbrement \u00e0 Jade et Miranda. Ces deux pestes sont dans mon \u00e9cole et passent leur temps \u00e0 se prendre pour des top models ! Elle ont fond\u00e9 le club des Barbie Malibu et ne font que parler de mode et de chanteurs \u00e0 m\u00e8che.<br>Au secooooours&nbsp;!!<\/p>\n<\/div>\n<\/div>\n\n\n\n<div class=\"wp-block-columns is-layout-flex wp-container-core-columns-is-layout-9d6595d7 wp-block-columns-is-layout-flex\">\n<div class=\"wp-block-column is-layout-flow wp-block-column-is-layout-flow\"><div class=\"wp-block-image\">\n<figure class=\"aligncenter size-full\"><img loading=\"lazy\" decoding=\"async\" width=\"652\" height=\"750\" src=\"https:\/\/ma.mrtanandco.fr\/wp-content\/uploads\/2022\/12\/Fizz.jpg\" alt=\"Fizz\" class=\"wp-image-933\" srcset=\"https:\/\/mortelleadele.com\/wp-content\/uploads\/2022\/12\/Fizz.jpg 652w, https:\/\/mortelleadele.com\/wp-content\/uploads\/2022\/12\/Fizz-261x300.jpg 261w\" sizes=\"(max-width: 652px) 100vw, 652px\" \/><\/figure>\n<\/div>\n\n\n<h2 class=\"has-text-align-center wp-block-heading\">Fizz<\/h2>\n\n\n\n<p class=\"has-text-align-center\">Vous avez d\u00e9j\u00e0 vu un b\u00e9b\u00e9 grizzli aussi petit ? Je suis certaine que Fizz atteindra deux m\u00e8tres de haut d\u2019ici quelques ann\u00e9es. Et alors l\u00e0, tous ceux qui me r\u00e9p\u00e8tent que ce n\u2019est qu\u2019un hamster feront moins les malins. Le probl\u00e8me de Fizz c\u2019est qu\u2019il est hyperactif, il ne tient pas en place plus d\u2019une seconde&nbsp;!<\/p>\n<\/div>\n\n\n\n<div class=\"wp-block-column is-layout-flow wp-block-column-is-layout-flow\"><div class=\"wp-block-image\">\n<figure class=\"aligncenter size-full\"><img loading=\"lazy\" decoding=\"async\" width=\"652\" height=\"750\" src=\"https:\/\/ma.mrtanandco.fr\/wp-content\/uploads\/2022\/12\/Amoureux.jpg\" alt=\"Tonton et son amoureux\" class=\"wp-image-932\" srcset=\"https:\/\/mortelleadele.com\/wp-content\/uploads\/2022\/12\/Amoureux.jpg 652w, https:\/\/mortelleadele.com\/wp-content\/uploads\/2022\/12\/Amoureux-261x300.jpg 261w\" sizes=\"(max-width: 652px) 100vw, 652px\" \/><\/figure>\n<\/div>\n\n\n<h2 class=\"has-text-align-center wp-block-heading\">Mon oncle (et son amoureux)<\/h2>\n\n\n\n<p class=\"has-text-align-center\">J\u2019ai l\u2019oncle le plus cool de la Terre ! Il aime les jeux vid\u00e9o, le fast food et les figurines de super-h\u00e9ros. Et comme Jer\u00f4me son amoureux est un peu comme lui, j\u2019ai doublement de la chance : deux super-tontons pour le prix d\u2019un.<br>En plus, J\u00e9r\u00f4me a un m\u00e9tier dangereux et j\u2019aime \u00e7a&nbsp;!<\/p>\n<\/div>\n<\/div>\n\n\n\n<div class=\"wp-block-columns is-layout-flex wp-container-core-columns-is-layout-9d6595d7 wp-block-columns-is-layout-flex\">\n<div class=\"wp-block-column is-layout-flow wp-block-column-is-layout-flow\"><div class=\"wp-block-image\">\n<figure class=\"aligncenter size-full\"><img loading=\"lazy\" decoding=\"async\" width=\"652\" height=\"750\" src=\"https:\/\/ma.mrtanandco.fr\/wp-content\/uploads\/2022\/12\/Jennyfer.jpg\" alt=\"Jennyfer\" class=\"wp-image-931\" srcset=\"https:\/\/mortelleadele.com\/wp-content\/uploads\/2022\/12\/Jennyfer.jpg 652w, https:\/\/mortelleadele.com\/wp-content\/uploads\/2022\/12\/Jennyfer-261x300.jpg 261w\" sizes=\"(max-width: 652px) 100vw, 652px\" \/><\/figure>\n<\/div>\n\n\n<h2 class=\"has-text-align-center wp-block-heading\">Jennyfer<\/h2>\n\n\n\n<p class=\"has-text-align-center\">Vous pensiez que j\u2019\u00e9tais un peu fofolle, mais il y a pire que moi : Jennyfer&nbsp;!<br>Elle est persuad\u00e9e qu\u2019on est les meilleures amies de l\u2019univers et ne me l\u00e2che plus d\u2019une semelle \u2026 Non mais, elle croit aux miracles celle-l\u00e0 ou quoi&nbsp;?!<\/p>\n<\/div>\n\n\n\n<div class=\"wp-block-column is-vertically-aligned-center is-layout-flow wp-block-column-is-layout-flow\">\n<h2 class=\"has-text-align-center wp-block-heading\"> <\/h2>\n\n\n\n<p class=\"has-text-align-center\">Et bien d&rsquo;autres encore \u00e0 d\u00e9couvrir dans les livres&#8230; <\/p>\n<\/div>\n<\/div>\n","protected":false},"excerpt":{"rendered":"<p>Salut les moches&nbsp;! Je vous pr\u00e9sente ma famille, mes amis et mes ennemis. Je vous pr\u00e9viens, je ne les ai pas choisis, \u00e0 part Magnus bien s\u00fbr.Non mais s\u00e9rieusement, vous pensiez que je voulais avoir un chat comme animal de compagnie&nbsp;? Pas du tout&nbsp;! Je voulais un B\u00c9B\u00c9 LION&nbsp;! Je pense que Jade et Miranda &hellip; <\/p>\n<p class=\"link-more\"><a href=\"https:\/\/mortelleadele.com\/index.php\/moi-et-les-autres\/\" class=\"more-link\">Continuer la lecture<span class=\"screen-reader-text\"> de &laquo;&nbsp;Moi et les autres&nbsp;&raquo;<\/span><\/a><\/p>\n","protected":false},"author":1,"featured_media":0,"parent":0,"menu_order":0,"comment_status":"closed","ping_status":"closed","template":"","meta":{"footnotes":""},"class_list":["post-915","page","type-page","status-publish","hentry"],"yoast_head":"<!-- This site is optimized with the Yoast SEO plugin v27.4 - https:\/\/yoast.com\/product\/yoast-seo-wordpress\/ -->\n<title>Moi et les autres &#8211; Mortelle Ad\u00e8le<\/title>\n<meta name=\"robots\" content=\"index, follow, max-snippet:-1, max-image-preview:large, max-video-preview:-1\" \/>\n<link rel=\"canonical\" href=\"https:\/\/mortelleadele.com\/index.php\/moi-et-les-autres\/\" \/>\n<meta property=\"og:locale\" content=\"fr_FR\" \/>\n<meta property=\"og:type\" content=\"article\" \/>\n<meta property=\"og:title\" content=\"Moi et les autres &#8211; Mortelle Ad\u00e8le\" \/>\n<meta property=\"og:description\" content=\"Salut les moches&nbsp;! Je vous pr\u00e9sente ma famille, mes amis et mes ennemis. Je vous pr\u00e9viens, je ne les ai pas choisis, \u00e0 part Magnus bien s\u00fbr.Non mais s\u00e9rieusement, vous pensiez que je voulais avoir un chat comme animal de compagnie&nbsp;? Pas du tout&nbsp;! Je voulais un B\u00c9B\u00c9 LION&nbsp;! Je pense que Jade et Miranda &hellip; Continuer la lecture de &laquo;&nbsp;Moi et les autres&nbsp;&raquo;\" \/>\n<meta property=\"og:url\" content=\"https:\/\/mortelleadele.com\/index.php\/moi-et-les-autres\/\" \/>\n<meta property=\"og:site_name\" content=\"Mortelle Ad\u00e8le\" \/>\n<meta property=\"article:publisher\" content=\"https:\/\/www.facebook.com\/mortelleadele\" \/>\n<meta property=\"article:modified_time\" content=\"2022-12-17T18:12:42+00:00\" \/>\n<meta property=\"og:image\" content=\"https:\/\/ma.mrtanandco.fr\/wp-content\/uploads\/2022\/12\/ADELE.jpg\" \/>\n<meta name=\"twitter:card\" content=\"summary_large_image\" \/>\n<meta name=\"twitter:label1\" content=\"Dur\u00e9e de lecture estim\u00e9e\" \/>\n\t<meta name=\"twitter:data1\" content=\"4 minutes\" \/>\n<script type=\"application\/ld+json\" class=\"yoast-schema-graph\">{\"@context\":\"https:\\\/\\\/schema.org\",\"@graph\":[{\"@type\":\"WebPage\",\"@id\":\"https:\\\/\\\/mortelleadele.com\\\/index.php\\\/moi-et-les-autres\\\/\",\"url\":\"https:\\\/\\\/mortelleadele.com\\\/index.php\\\/moi-et-les-autres\\\/\",\"name\":\"Moi et les autres &#8211; Mortelle Ad\u00e8le\",\"isPartOf\":{\"@id\":\"https:\\\/\\\/mortelleadele.com\\\/#website\"},\"primaryImageOfPage\":{\"@id\":\"https:\\\/\\\/mortelleadele.com\\\/index.php\\\/moi-et-les-autres\\\/#primaryimage\"},\"image\":{\"@id\":\"https:\\\/\\\/mortelleadele.com\\\/index.php\\\/moi-et-les-autres\\\/#primaryimage\"},\"thumbnailUrl\":\"https:\\\/\\\/ma.mrtanandco.fr\\\/wp-content\\\/uploads\\\/2022\\\/12\\\/ADELE.jpg\",\"datePublished\":\"2022-12-02T14:20:26+00:00\",\"dateModified\":\"2022-12-17T18:12:42+00:00\",\"breadcrumb\":{\"@id\":\"https:\\\/\\\/mortelleadele.com\\\/index.php\\\/moi-et-les-autres\\\/#breadcrumb\"},\"inLanguage\":\"fr-FR\",\"potentialAction\":[{\"@type\":\"ReadAction\",\"target\":[\"https:\\\/\\\/mortelleadele.com\\\/index.php\\\/moi-et-les-autres\\\/\"]}]},{\"@type\":\"ImageObject\",\"inLanguage\":\"fr-FR\",\"@id\":\"https:\\\/\\\/mortelleadele.com\\\/index.php\\\/moi-et-les-autres\\\/#primaryimage\",\"url\":\"https:\\\/\\\/ma.mrtanandco.fr\\\/wp-content\\\/uploads\\\/2022\\\/12\\\/ADELE.jpg\",\"contentUrl\":\"https:\\\/\\\/ma.mrtanandco.fr\\\/wp-content\\\/uploads\\\/2022\\\/12\\\/ADELE.jpg\"},{\"@type\":\"BreadcrumbList\",\"@id\":\"https:\\\/\\\/mortelleadele.com\\\/index.php\\\/moi-et-les-autres\\\/#breadcrumb\",\"itemListElement\":[{\"@type\":\"ListItem\",\"position\":1,\"name\":\"Accueil\",\"item\":\"https:\\\/\\\/mortelleadele.com\\\/\"},{\"@type\":\"ListItem\",\"position\":2,\"name\":\"Moi et les autres\"}]},{\"@type\":\"WebSite\",\"@id\":\"https:\\\/\\\/mortelleadele.com\\\/#website\",\"url\":\"https:\\\/\\\/mortelleadele.com\\\/\",\"name\":\"Mortelle Ad\u00e8le\",\"description\":\"H\u00e9ro\u00efne de Bande dessin\u00e9e\",\"publisher\":{\"@id\":\"https:\\\/\\\/mortelleadele.com\\\/#organization\"},\"potentialAction\":[{\"@type\":\"SearchAction\",\"target\":{\"@type\":\"EntryPoint\",\"urlTemplate\":\"https:\\\/\\\/mortelleadele.com\\\/?s={search_term_string}\"},\"query-input\":{\"@type\":\"PropertyValueSpecification\",\"valueRequired\":true,\"valueName\":\"search_term_string\"}}],\"inLanguage\":\"fr-FR\"},{\"@type\":\"Organization\",\"@id\":\"https:\\\/\\\/mortelleadele.com\\\/#organization\",\"name\":\"Mortelle Ad\u00e8le\",\"url\":\"https:\\\/\\\/mortelleadele.com\\\/\",\"logo\":{\"@type\":\"ImageObject\",\"inLanguage\":\"fr-FR\",\"@id\":\"https:\\\/\\\/mortelleadele.com\\\/#\\\/schema\\\/logo\\\/image\\\/\",\"url\":\"https:\\\/\\\/mortelleadele.com\\\/wp-content\\\/uploads\\\/2023\\\/01\\\/Logo-Mortelle-Adele.jpeg\",\"contentUrl\":\"https:\\\/\\\/mortelleadele.com\\\/wp-content\\\/uploads\\\/2023\\\/01\\\/Logo-Mortelle-Adele.jpeg\",\"width\":1176,\"height\":761,\"caption\":\"Mortelle Ad\u00e8le\"},\"image\":{\"@id\":\"https:\\\/\\\/mortelleadele.com\\\/#\\\/schema\\\/logo\\\/image\\\/\"},\"sameAs\":[\"https:\\\/\\\/www.facebook.com\\\/mortelleadele\",\"https:\\\/\\\/www.instagram.com\\\/mortelleadelebd\"]}]}<\/script>\n<!-- \/ Yoast SEO plugin. -->","yoast_head_json":{"title":"Moi et les autres &#8211; Mortelle Ad\u00e8le","robots":{"index":"index","follow":"follow","max-snippet":"max-snippet:-1","max-image-preview":"max-image-preview:large","max-video-preview":"max-video-preview:-1"},"canonical":"https:\/\/mortelleadele.com\/index.php\/moi-et-les-autres\/","og_locale":"fr_FR","og_type":"article","og_title":"Moi et les autres &#8211; Mortelle Ad\u00e8le","og_description":"Salut les moches&nbsp;! Je vous pr\u00e9sente ma famille, mes amis et mes ennemis. Je vous pr\u00e9viens, je ne les ai pas choisis, \u00e0 part Magnus bien s\u00fbr.Non mais s\u00e9rieusement, vous pensiez que je voulais avoir un chat comme animal de compagnie&nbsp;? Pas du tout&nbsp;! Je voulais un B\u00c9B\u00c9 LION&nbsp;! Je pense que Jade et Miranda &hellip; Continuer la lecture de &laquo;&nbsp;Moi et les autres&nbsp;&raquo;","og_url":"https:\/\/mortelleadele.com\/index.php\/moi-et-les-autres\/","og_site_name":"Mortelle Ad\u00e8le","article_publisher":"https:\/\/www.facebook.com\/mortelleadele","article_modified_time":"2022-12-17T18:12:42+00:00","og_image":[{"url":"https:\/\/ma.mrtanandco.fr\/wp-content\/uploads\/2022\/12\/ADELE.jpg","type":"","width":"","height":""}],"twitter_card":"summary_large_image","twitter_misc":{"Dur\u00e9e de lecture estim\u00e9e":"4 minutes"},"schema":{"@context":"https:\/\/schema.org","@graph":[{"@type":"WebPage","@id":"https:\/\/mortelleadele.com\/index.php\/moi-et-les-autres\/","url":"https:\/\/mortelleadele.com\/index.php\/moi-et-les-autres\/","name":"Moi et les autres &#8211; Mortelle Ad\u00e8le","isPartOf":{"@id":"https:\/\/mortelleadele.com\/#website"},"primaryImageOfPage":{"@id":"https:\/\/mortelleadele.com\/index.php\/moi-et-les-autres\/#primaryimage"},"image":{"@id":"https:\/\/mortelleadele.com\/index.php\/moi-et-les-autres\/#primaryimage"},"thumbnailUrl":"https:\/\/ma.mrtanandco.fr\/wp-content\/uploads\/2022\/12\/ADELE.jpg","datePublished":"2022-12-02T14:20:26+00:00","dateModified":"2022-12-17T18:12:42+00:00","breadcrumb":{"@id":"https:\/\/mortelleadele.com\/index.php\/moi-et-les-autres\/#breadcrumb"},"inLanguage":"fr-FR","potentialAction":[{"@type":"ReadAction","target":["https:\/\/mortelleadele.com\/index.php\/moi-et-les-autres\/"]}]},{"@type":"ImageObject","inLanguage":"fr-FR","@id":"https:\/\/mortelleadele.com\/index.php\/moi-et-les-autres\/#primaryimage","url":"https:\/\/ma.mrtanandco.fr\/wp-content\/uploads\/2022\/12\/ADELE.jpg","contentUrl":"https:\/\/ma.mrtanandco.fr\/wp-content\/uploads\/2022\/12\/ADELE.jpg"},{"@type":"BreadcrumbList","@id":"https:\/\/mortelleadele.com\/index.php\/moi-et-les-autres\/#breadcrumb","itemListElement":[{"@type":"ListItem","position":1,"name":"Accueil","item":"https:\/\/mortelleadele.com\/"},{"@type":"ListItem","position":2,"name":"Moi et les autres"}]},{"@type":"WebSite","@id":"https:\/\/mortelleadele.com\/#website","url":"https:\/\/mortelleadele.com\/","name":"Mortelle Ad\u00e8le","description":"H\u00e9ro\u00efne de Bande dessin\u00e9e","publisher":{"@id":"https:\/\/mortelleadele.com\/#organization"},"potentialAction":[{"@type":"SearchAction","target":{"@type":"EntryPoint","urlTemplate":"https:\/\/mortelleadele.com\/?s={search_term_string}"},"query-input":{"@type":"PropertyValueSpecification","valueRequired":true,"valueName":"search_term_string"}}],"inLanguage":"fr-FR"},{"@type":"Organization","@id":"https:\/\/mortelleadele.com\/#organization","name":"Mortelle Ad\u00e8le","url":"https:\/\/mortelleadele.com\/","logo":{"@type":"ImageObject","inLanguage":"fr-FR","@id":"https:\/\/mortelleadele.com\/#\/schema\/logo\/image\/","url":"https:\/\/mortelleadele.com\/wp-content\/uploads\/2023\/01\/Logo-Mortelle-Adele.jpeg","contentUrl":"https:\/\/mortelleadele.com\/wp-content\/uploads\/2023\/01\/Logo-Mortelle-Adele.jpeg","width":1176,"height":761,"caption":"Mortelle Ad\u00e8le"},"image":{"@id":"https:\/\/mortelleadele.com\/#\/schema\/logo\/image\/"},"sameAs":["https:\/\/www.facebook.com\/mortelleadele","https:\/\/www.instagram.com\/mortelleadelebd"]}]}},"_links":{"self":[{"href":"https:\/\/mortelleadele.com\/index.php\/wp-json\/wp\/v2\/pages\/915","targetHints":{"allow":["GET"]}}],"collection":[{"href":"https:\/\/mortelleadele.com\/index.php\/wp-json\/wp\/v2\/pages"}],"about":[{"href":"https:\/\/mortelleadele.com\/index.php\/wp-json\/wp\/v2\/types\/page"}],"author":[{"embeddable":true,"href":"https:\/\/mortelleadele.com\/index.php\/wp-json\/wp\/v2\/users\/1"}],"replies":[{"embeddable":true,"href":"https:\/\/mortelleadele.com\/index.php\/wp-json\/wp\/v2\/comments?post=915"}],"version-history":[{"count":0,"href":"https:\/\/mortelleadele.com\/index.php\/wp-json\/wp\/v2\/pages\/915\/revisions"}],"wp:attachment":[{"href":"https:\/\/mortelleadele.com\/index.php\/wp-json\/wp\/v2\/media?parent=915"}],"curies":[{"name":"wp","href":"https:\/\/api.w.org\/{rel}","templated":true}]}}